
Calculate the remainder when 168628 is divided by 40.
28
What is the remainder when 310647 is divided by 570?
567
Calculate the remainder when 377705 is divided by 322.
321
What is the remainder when 1644 is divided by 178?
42
Calculate the remainder when 2080 is divided by 396.
100
Calculate the remainder when 44733 is divided by 77.
73
Calculate the remainder when 104460 is divided by 38.
36
Calculate the remainder when 40482 is divided by 29.
27
Calculate the remainder when 46767 is divided by 56.
7
What is the remainder when 2428 is divided by 658?
454
What is the remainder when 95558 is divided by 4147?
177
Calculate the remainder when 1794711 is divided by 526.
525
Calculate the remainder when 531 is divided by 6.
3
Calculate the remainder when 254 is divided by 21.
2
What is the remainder when 51306 is divided by 131?
85
What is the remainder when 4916 is divided by 32?
20
What is the remainder when 1405329 is divided by 12?
9
What is the remainder when 27362 is divided by 5466?
32
Calculate the remainder when 30272 is divided by 7565.
12
Calculate the remainder when 1100 is divided by 53.
40
Calculate the remainder when 2681 is divided by 95.
21
What is the remainder when 86080 is divided by 887?
41
What is the remainder when 53419 is divided by 20?
19
What is the remainder when 513385 is divided by 221?
2
What is the remainder when 2807 is divided by 190?
147
What is the remainder when 26072 is divided by 124?
32
Calculate the remainder when 541155 is divided by 41.
37
What is the remainder when 940472 is divided by 249?
248
What is the remainder when 14735 is divided by 67?
62
What is the remainder when 12020 is divided by 82?
48
Calculate the remainder when 292054 is divided by 344.
342
Calculate the remainder when 244 is divided by 118.
8
Calculate the remainder when 236032 is divided by 56.
48
Calculate the remainder when 172540 is divided by 238.
228
Calculate the remainder when 8510 is divided by 65.
60
What is the remainder when 2893 is divided by 130?
33
What is the remainder when 425835 is divided by 106441?
71
What is the remainder when 9395 is divided by 2337?
47
What is the remainder when 25616 is divided by 4226?
260
What is the remainder when 210157 is divided by 26?
25
What is the remainder when 14644 is divided by 44?
36
Calculate the remainder when 5344 is divided by 2669.
6
What is the remainder when 14951 is divided by 14911?
40
Calculate the remainder when 37335 is divided by 20.
15
Calculate the remainder when 123311 is divided by 62.
55
What is the remainder when 263273 is divided by 66?
65
Calculate the remainder when 1061393 is divided by 915.
908
What is the remainder when 7947 is divided by 62?
11
What is the remainder when 824371 is divided by 2?
1
What is the remainder when 6613 is divided by 1928?
829
What is the remainder when 190109 is divided by 802?
35
Calculate the remainder when 106214 is divided by 42.
38
What is the remainder when 890 is divided by 127?
1
What is the remainder when 3241 is divided by 1134?
973
What is the remainder when 713 is divided by 358?
355
Calculate the remainder when 445832 is divided by 838.
16
Calculate the remainder when 473146 is divided by 234.
232
Calculate the remainder when 28342 is divided by 138.
52
Calculate the remainder when 33626 is divided by 757.
318
Calculate the remainder when 490 is divided by 476.
14
Calculate the remainder when 4705 is divided by 276.
13
Calculate the remainder when 37923 is divided by 41.
39
What is the remainder when 1067 is divided by 1063?
4
What is the remainder when 1791 is divided by 596?
3
What is the remainder when 66080 is divided by 74?
72
Calculate the remainder when 39942 is divided by 9982.
14
What is the remainder when 9709 is divided by 3021?
646
What is the remainder when 4058 is divided by 227?
199
Calculate the remainder when 5516 is divided by 1832.
20
Calculate the remainder when 34800 is divided by 40.
0
What is the remainder when 2953 is divided by 8?
1
What is the remainder when 76397 is divided by 21?
20
What is the remainder when 8549 is divided by 234?
125
Calculate the remainder when 303465 is divided by 44.
41
What is the remainder when 273150 is divided by 5355?
45
What is the remainder when 2379 is divided by 460?
79
Calculate the remainder when 9974 is divided by 1002.
956
Calculate the remainder when 2355 is divided by 83.
31
What is the remainder when 8524 is divided by 237?
229
What is the remainder when 1015 is divided by 506?
3
Calculate the remainder when 219720 is divided by 46.
24
What is the remainder when 2357 is divided by 120?
77
What is the remainder when 398782 is divided by 74?
70
Calculate the remainder when 3290 is divided by 923.
521
What is the remainder when 16431 is divided by 75?
6
What is the remainder when 15660 is divided by 139?
92
Calculate the remainder when 260552 is divided by 12407.
5
Calculate the remainder when 60495 is divided by 199.
198
What is the remainder when 65849 is divided by 6?
5
What is the remainder when 302821 is divided by 283?
11
Calculate the remainder when 7364 is divided by 27.
20
Calculate the remainder when 248632 is divided by 114.
112
What is the remainder when 96848 is divided by 10?
8
Calculate the remainder when 39733 is divided by 5675.
8
Calculate the remainder when 10337 is divided by 9159.
1178
Calculate the remainder when 4846 is divided by 538.
4
What is the remainder when 50647 is divided by 25320?
7
Calculate the remainder when 2674 is divided by 77.
56
Calculate the remainder when 107519 is divided by 494.
321
Calculate the remainder when 68961 is divided by 62.
17
Calculate the remainder when 374535 is divided by 5.
0
What is the remainder when 548418 is divided by 85?
83
Calculate the remainder when 380223 is divided by 26.
25
What is the remainder when 8412 is divided by 45?
42
Calculate the remainder when 6032 is divided by 598.
52
Calculate the remainder when 3458 is divided by 1750.
1708
Calculate the remainder when 1315259 is divided by 64.
59
What is the remainder when 922 is divided by 331?
260
What is the remainder when 35472 is divided by 271?
242
What is the remainder when 65096 is divided by 124?
120
What is the remainder when 642 is divided by 310?
22
Calculate the remainder when 67130 is divided by 194.
6
What is the remainder when 2440 is divided by 153?
145
What is the remainder when 1483 is divided by 739?
5
What is the remainder when 262139 is divided by 510?
509
What is the remainder when 23113 is divided by 2296?
153
What is the remainder when 13685 is divided by 6834?
17
What is the remainder when 4206 is divided by 145?
1
What is the remainder when 2108 is divided by 1015?
78
Calculate the remainder when 7763 is divided by 910.
483
What is the remainder when 218692 is divided by 405?
397
Calculate the remainder when 2308 is divided by 1757.
551
Calculate the remainder when 36702 is divided by 16.
14
What is the remainder when 33591 is divided by 206?
13
Calculate the remainder when 4189 is divided by 1127.
808
What is the remainder when 34731 is divided by 11574?
9
What is the remainder when 2262 is divided by 565?
2
Calculate the remainder when 73926 is divided by 2.
0
Calculate the remainder when 74983 is divided by 17.
13
What is the remainder when 83063 is divided by 142?
135
What is the remainder when 68002 is divided by 9?
7
Calculate the remainder when 20468 is divided by 235.
23
What is the remainder when 82149 is divided by 483?
39
What is the remainder when 38972 is divided by 139?
52
What is the remainder when 75302 is divided by 272?
230
What is the remainder when 1090 is divided by 102?
70
Calculate the remainder when 85687 is divided by 19.
16
Calculate the remainder when 645 is divided by 512.
133
What is the remainder when 1463289 is divided by 1836?
1833
Calculate the remainder when 36693 is divided by 1048.
13
What is the remainder when 11587 is divided by 154?
37
What is the remainder when 124025 is divided by 31000?
25
Calculate the remainder when 154224 is divided by 2856.
0
What is the remainder when 2940 is divided by 2102?
838
What is the remainder when 370095 is divided by 1418?
1415
Calculate the remainder when 7301 is divided by 1770.
221
What is the remainder when 137952 is divided 